
{"id":81,"date":"2016-03-07T10:53:30","date_gmt":"2016-03-07T09:53:30","guid":{"rendered":"https:\/\/przedszkole13.edu.wroclaw.pl\/?page_id=81"},"modified":"2025-03-13T14:13:41","modified_gmt":"2025-03-13T13:13:41","slug":"dal-rodzicow","status":"publish","type":"page","link":"https:\/\/przedszkole13.edu.wroclaw.pl\/index.php\/dal-rodzicow\/","title":{"rendered":"DLA RODZIC\u00d3W"},"content":{"rendered":"<div class=\"wpb-content-wrapper\"><p>[vc_row][vc_column][vc_column_text]<span style=\"font-size: 14pt\"><a href=\"https:\/\/przedszkole13.edu.wroclaw.pl\/wp-content\/uploads\/sites\/18\/2021\/06\/Dokument1-2.docx\">Prawa Dziecka (DOCX 501KB)<\/a><\/span><\/p>\n<p><a href=\"https:\/\/przedszkole13.edu.wroclaw.pl\/wp-content\/uploads\/sites\/18\/2021\/06\/Podstawa-programowa-Wychowania-Przedszkolnego.pdf\"><span style=\"font-size: 14pt\">Podstawa programowa Wychowania Przedszkolnego (PDF 2904KB)<\/span><\/a>[\/vc_column_text][vc_column_text css=&#8221;&#8221;]Godziny dost\u0119pno\u015bci nauczycieli:<\/p>\n<p>&nbsp;<\/p>\n<p>1. Magdalena Dudzi\u0144ska \u2013 dyrektor \u2013 poniedzia\u0142ki 08.30 \u2013 09.30<\/p>\n<p>2. Wlaszczyk Kinga &#8211; nauczycielka gr. II &#8211; poniedzia\u0142ki, 12.00 &#8211; 13.00 lub 11.00 \u2013 12.00 (w zale\u017cno\u015bci od zmiany)<\/p>\n<p>3. Zdzis\u0142awa Kownacka \u2013 nauczycielka gr. II \u2013 poniedzia\u0142ki,\u00a0 12.00 &#8211; 13.00 lub 11.00 \u2013 12.00 (w zale\u017cno\u015bci od zmiany)<\/p>\n<p>4. Iwona \u0141\u0105giewka \u2013 nauczycielka gr. III poniedzia\u0142ki, wtorki 12.00 -12.30 lub 16.30 \u2013 17.00 (w zale\u017cno\u015bci od zmiany)<\/p>\n<p>5. Urszula Kubiak \u2013 nauczycielka gr. III \u2013 \u015brody, pi\u0105tki 7.00-7.30 lub 11.30 -12.00<\/p>\n<p>6. Murak Agnieszka &#8211; nauczyciel gimnastyki &#8211; poniedzia\u0142ki 12.45 &#8211; 13.45<\/p>\n<p>7. Dziedzic Emilia &#8211; psycholog- poniedzia\u0142ki &#8211; 15.00 &#8211; 16.00<\/p>\n<p>Ze wzgl\u0119d\u00f3w organizacyjnych rodzice zainteresowani konsultacjami z poszczeg\u00f3lnymi nauczycielkami proszeni s\u0105 o wcze\u015bniejsze um\u00f3wienie si\u0119 &#8211; osobiste, telefoniczne pod numerem 71 798 67 66[\/vc_column_text][\/vc_column][\/vc_row]<\/p>\n<\/div>","protected":false},"excerpt":{"rendered":"<p>[vc_row][vc_column][vc_column_text]Prawa Dziecka (DOCX 501KB) Podstawa programowa Wychowania Przedszkolnego (PDF 2904KB)[\/vc_column_text][vc_column_text css=&#8221;&#8221;]Godziny dost\u0119pno\u015bci nauczycieli: &nbsp; 1. Magdalena Dudzi\u0144ska \u2013 dyrektor \u2013 poniedzia\u0142ki 08.30 \u2013 09.30 2. Wlaszczyk Kinga &#8211; nauczycielka gr. [&hellip;]<\/p>\n","protected":false},"author":15,"featured_media":0,"parent":0,"menu_order":0,"comment_status":"closed","ping_status":"closed","template":"","meta":{"ngg_post_thumbnail":0,"footnotes":""},"class_list":["post-81","page","type-page","status-publish","hentry","clearfix"],"_links":{"self":[{"href":"https:\/\/przedszkole13.edu.wroclaw.pl\/index.php\/wp-json\/wp\/v2\/pages\/81","targetHints":{"allow":["GET"]}}],"collection":[{"href":"https:\/\/przedszkole13.edu.wroclaw.pl\/index.php\/wp-json\/wp\/v2\/pages"}],"about":[{"href":"https:\/\/przedszkole13.edu.wroclaw.pl\/index.php\/wp-json\/wp\/v2\/types\/page"}],"author":[{"embeddable":true,"href":"https:\/\/przedszkole13.edu.wroclaw.pl\/index.php\/wp-json\/wp\/v2\/users\/15"}],"replies":[{"embeddable":true,"href":"https:\/\/przedszkole13.edu.wroclaw.pl\/index.php\/wp-json\/wp\/v2\/comments?post=81"}],"version-history":[{"count":10,"href":"https:\/\/przedszkole13.edu.wroclaw.pl\/index.php\/wp-json\/wp\/v2\/pages\/81\/revisions"}],"predecessor-version":[{"id":1654,"href":"https:\/\/przedszkole13.edu.wroclaw.pl\/index.php\/wp-json\/wp\/v2\/pages\/81\/revisions\/1654"}],"wp:attachment":[{"href":"https:\/\/przedszkole13.edu.wroclaw.pl\/index.php\/wp-json\/wp\/v2\/media?parent=81"}],"curies":[{"name":"wp","href":"https:\/\/api.w.org\/{rel}","templated":true}]}}