
{"id":444,"date":"2018-10-05T08:37:17","date_gmt":"2018-10-05T06:37:17","guid":{"rendered":"https:\/\/przedszkole13.edu.wroclaw.pl\/?page_id=444"},"modified":"2025-09-10T14:28:14","modified_gmt":"2025-09-10T12:28:14","slug":"programy-i-projekty-edukacyjne","status":"publish","type":"page","link":"https:\/\/przedszkole13.edu.wroclaw.pl\/index.php\/dal-rodzicow\/programy-i-projekty-edukacyjne\/","title":{"rendered":"Programy i projekty edukacyjne"},"content":{"rendered":"<div class=\"wpb-content-wrapper\"><p>[vc_row][vc_column][vc_column_text css_animation=&#8221;fadeInDownBig&#8221; css=&#8221;&#8221;]<\/p>\n<h3 style=\"text-align: center\">Programy i projekty<\/h3>\n<p>W roku szkolnym 2025\/2026 w grupach realizowane \u00a0s\u0105 nast\u0119puj\u0105ce programy:<\/p>\n<p>&#8211; Projekt edukacyjno-spo\u0142eczny &#8221; ABC-empatii&#8221;<\/p>\n<p>&#8211; <strong>\u201eProgram wychowania przedszkolnego&#8221;<\/strong> Wies\u0142awa \u017baba- \u017babi\u0144ska, Wioletta Majewska, Renata Pa\u017adzio<\/p>\n<p>&#8211; <strong>Dzieci\u0119ca matematyka<\/strong> \u2013 E. Gruszczyk \u2013 Kolczy\u0144skiej, E. Zieli\u0144ska<\/p>\n<p>&#8211; Projekt &#8222;Od\u0142\u0105cz si\u0119, po\u0142\u0105cz si\u0119&#8221;<\/p>\n<p>-Projekt &#8222;Winiary&#8221;<\/p>\n<p>&#8211; Koncerty muzyczne &#8222;Poznajemy \u015bwiat muzyki&#8221;<\/p>\n<p>&#8211; Projekt patriotyczny &#8222;Kultura regionalna Polski&#8221;<\/p>\n<p>&#8211; Tydzie\u0144 edukacji globalnej- W\u0142ochy<\/p>\n<p>&#8211; Edukacja przez ruch[\/vc_column_text][vc_empty_space][\/vc_column][\/vc_row][vc_row][vc_column width=&#8221;1\/6&#8243;][vc_single_image image=&#8221;588&#8243; img_size=&#8221;full&#8221; alignment=&#8221;right&#8221; style=&#8221;vc_box_shadow_3d&#8221; css_animation=&#8221;fadeInLeftBig&#8221;][vc_single_image image=&#8221;583&#8243; img_size=&#8221;full&#8221; style=&#8221;vc_box_shadow_3d&#8221; css_animation=&#8221;fadeInRightBig&#8221;][\/vc_column][vc_column width=&#8221;1\/6&#8243;][vc_single_image image=&#8221;1681&#8243; css=&#8221;&#8221;][\/vc_column][vc_column width=&#8221;1\/6&#8243;][vc_single_image image=&#8221;1684&#8243; css=&#8221;&#8221;][\/vc_column][vc_column width=&#8221;1\/6&#8243;][vc_single_image image=&#8221;1685&#8243; css=&#8221;&#8221;][\/vc_column][vc_column width=&#8221;1\/6&#8243;][vc_single_image image=&#8221;1683&#8243; css=&#8221;&#8221;][\/vc_column][vc_column width=&#8221;1\/6&#8243;][vc_single_image image=&#8221;1682&#8243; css=&#8221;&#8221;][\/vc_column][\/vc_row][vc_row][vc_column][vc_empty_space height=&#8221;48px&#8221;][vc_column_text css_animation=&#8221;bounceIn&#8221;]<\/p>\n<h3 style=\"text-align: center\">Projekty edukacyjne<\/h3>\n<p>&#8211; <strong>Edukacja ekologiczna<\/strong> \u2013 prowadzenie uprawy ro\u015blin w ogrodzie przedszkolnym<\/p>\n<p>&#8211; <strong>Profilaktyka pr\u00f3chnicy z\u0119b\u00f3w u dzieci w wieku przedszkolnym 3-5 lat<\/strong><\/p>\n<p>-Projekt edukacyjno-spo\u0142eczny &#8222;Ka\u017cdy inny- wszyscy r\u00f3wni&#8221;[\/vc_column_text][vc_empty_space][\/vc_column][\/vc_row][vc_row][vc_column width=&#8221;1\/3&#8243;][vc_single_image image=&#8221;587&#8243; img_size=&#8221;full&#8221; alignment=&#8221;right&#8221; style=&#8221;vc_box_shadow_3d&#8221; css_animation=&#8221;fadeInLeft&#8221;][\/vc_column][vc_column width=&#8221;1\/3&#8243;][vc_single_image image=&#8221;586&#8243; img_size=&#8221;full&#8221; alignment=&#8221;center&#8221; style=&#8221;vc_box_shadow_3d&#8221; css_animation=&#8221;fadeInUp&#8221;][\/vc_column][vc_column width=&#8221;1\/3&#8243;][vc_single_image image=&#8221;584&#8243; img_size=&#8221;full&#8221; style=&#8221;vc_box_shadow_3d&#8221; css_animation=&#8221;fadeInRight&#8221;][\/vc_column][\/vc_row][vc_row][vc_column][vc_empty_space height=&#8221;48px&#8221;][vc_column_text css=&#8221;&#8221;]<\/p>\n<h3 style=\"text-align: center\">Inne akcje prowadzone w przedszkolu<\/h3>\n<p>&#8211; Dzie\u0144 sprz\u0105tania \u015bwiata<\/p>\n<p>&#8211; Dzie\u0144 postaci z bajek<\/p>\n<p>&#8211; Dzie\u0144 pluszowego misia<\/p>\n<p>&#8211; Dzie\u0144 \u017cyczliwo\u015bci<\/p>\n<p>&#8211; Dzie\u0144 kropki[\/vc_column_text][vc_empty_space][\/vc_column][\/vc_row][vc_row][vc_column width=&#8221;1\/4&#8243;][vc_single_image image=&#8221;1693&#8243; css=&#8221;&#8221;][vc_single_image image=&#8221;1690&#8243; css=&#8221;&#8221;][\/vc_column][vc_column width=&#8221;1\/4&#8243;][vc_single_image image=&#8221;1692&#8243; css=&#8221;&#8221;][vc_single_image image=&#8221;1689&#8243; css=&#8221;&#8221;][\/vc_column][vc_column width=&#8221;1\/4&#8243;][vc_single_image image=&#8221;1691&#8243; css=&#8221;&#8221;][\/vc_column][\/vc_row]<\/p>\n<\/div>","protected":false},"excerpt":{"rendered":"<p>[vc_row][vc_column][vc_column_text css_animation=&#8221;fadeInDownBig&#8221; css=&#8221;&#8221;] Programy i projekty W roku szkolnym 2025\/2026 w grupach realizowane \u00a0s\u0105 nast\u0119puj\u0105ce programy: &#8211; Projekt edukacyjno-spo\u0142eczny &#8221; ABC-empatii&#8221; &#8211; \u201eProgram wychowania przedszkolnego&#8221; Wies\u0142awa \u017baba- \u017babi\u0144ska, Wioletta Majewska, [&hellip;]<\/p>\n","protected":false},"author":72,"featured_media":0,"parent":81,"menu_order":0,"comment_status":"closed","ping_status":"closed","template":"","meta":{"ngg_post_thumbnail":0,"footnotes":""},"class_list":["post-444","page","type-page","status-publish","hentry","clearfix"],"_links":{"self":[{"href":"https:\/\/przedszkole13.edu.wroclaw.pl\/index.php\/wp-json\/wp\/v2\/pages\/444","targetHints":{"allow":["GET"]}}],"collection":[{"href":"https:\/\/przedszkole13.edu.wroclaw.pl\/index.php\/wp-json\/wp\/v2\/pages"}],"about":[{"href":"https:\/\/przedszkole13.edu.wroclaw.pl\/index.php\/wp-json\/wp\/v2\/types\/page"}],"author":[{"embeddable":true,"href":"https:\/\/przedszkole13.edu.wroclaw.pl\/index.php\/wp-json\/wp\/v2\/users\/72"}],"replies":[{"embeddable":true,"href":"https:\/\/przedszkole13.edu.wroclaw.pl\/index.php\/wp-json\/wp\/v2\/comments?post=444"}],"version-history":[{"count":23,"href":"https:\/\/przedszkole13.edu.wroclaw.pl\/index.php\/wp-json\/wp\/v2\/pages\/444\/revisions"}],"predecessor-version":[{"id":1794,"href":"https:\/\/przedszkole13.edu.wroclaw.pl\/index.php\/wp-json\/wp\/v2\/pages\/444\/revisions\/1794"}],"up":[{"embeddable":true,"href":"https:\/\/przedszkole13.edu.wroclaw.pl\/index.php\/wp-json\/wp\/v2\/pages\/81"}],"wp:attachment":[{"href":"https:\/\/przedszkole13.edu.wroclaw.pl\/index.php\/wp-json\/wp\/v2\/media?parent=444"}],"curies":[{"name":"wp","href":"https:\/\/api.w.org\/{rel}","templated":true}]}}